s divided by 4842.
288
What is the remainder when 39421 is divided by 3?
1
Calculate the remainder when 1970 is divided by 361.
165
What is the remainder when 418 is divided by 72?
58
What is the remainder when 23402 is divided by 1017?
11
Calculate the remainder when 5813 is divided by 2.
1
What is the remainder when 6226 is divided by 111?
10
What is the remainder when 16845 is divided by 17?
15
What is the remainder when 564855 is divided by 7?
4
Calculate the remainder when 457 is divided by 329.
128
Calculate the remainder when 28666 is divided by 44.
22
What is the remainder when 72176 is divided by 491?
490
Calculate the remainder when 44585 is divided by 3416.
177
What is the remainder when 561395 is divided by 73?
25
What is the remainder when 1979 is divided by 195?
29
What is the remainder when 7242 is divided by 936?
690
What is the remainder when 42421 is divided by 14116?
73
What is the remainder when 49082 is divided by 3272?
2
What is the remainder when 3147 is divided by 1047?
6
Calculate the remainder when 63681 is divided by 29.
26
What is the remainder when 8509 is divided by 98?
81
Calculate the remainder when 72934 is divided by 1520.
1494
What is the remainder when 2013 is divided by 112?
109
Calculate the remainder when 3726 is divided by 81.
0
What is the remainder when 7435 is divided by 300?
235
What is the remainder when 14331 is divided by 163?
150
What is the remainder when 12260 is divided by 6110?
40
Calculate the remainder when 60007 is divided by 108.
67
What is the remainder when 292 is divided by 3?
1
What is the remainder when 11736 is divided by 822?
228
Calculate the remainder when 90084 is divided by 215.
214
What is the remainder when 3585 is divided by 79?
30
What is the remainder when 8812 is divided by 21?
13
What is the remainder when 28615 is divided by 203?
195
Calculate the remainder when 17793 is divided by 4417.
125
What is the remainder when 1800 is divided by 71?
25
What is the remainder when 83527 is divided by 212?
211
Calculate the remainder when 2015247 is divided by 478.
477
What is the remainder when 12881 is divided by 4291?
8
Calculate the remainder when 2801 is divided by 52.
45
What is the remainder when 142488 is divided by 766?
12
Calculate the remainder when 5953 is divided by 102.
37
What is the remainder when 2638 is divided by 93?
34
Calculate the remainder when 32538 is divided by 98.
2
Calculate the remainder when 454816 is divided by 21.
19
Calculate the remainder when 53441 is divided by 65.
11
Calculate the remainder when 537 is divided by 248.
41
What is the remainder when 57198 is divided by 60?
18
What is the remainder when 66003 is divided by 16?
3
What is the remainder when 3133058 is divided by 805?
803
Calculate the remainder when 9097364 is divided by 1927.
1924
What is the remainder when 7810 is divided by 184?
82
Calculate the remainder when 30019 is divided by 1253.
1200
What is the remainder when 1862887 is divided by 846?
841
What is the remainder when 222863 is divided by 222837?
26
Calculate the remainder when 12335 is divided by 458.
427
What is the remainder when 60391 is divided by 236?
211
What is the remainder when 392 is divided by 110?
62
Calculate the remainder when 81009 is divided by 343.
61
Calculate the remainder when 4913 is divided by 143.
51
What is the remainder when 568853 is divided by 374?
373
What is the remainder when 3212 is divided by 269?
253
What is the remainder when 805360 is divided by 13?
10
What is the remainder when 1163 is divided by 120?
83
What is the remainder when 26215 is divided by 228?
223
Calculate the remainder when 11946 is divided by 1194.
6
Calculate the remainder when 122228 is divided by 2147.
1996
Calculate the remainder when 20507 is divided by 76.
63
Calculate the remainder when 94429 is divided by 13.
10
Calculate the remainder when 2993 is divided by 1429.
135
What is the remainder when 29702 is divided by 1100?
2
What is the remainder when 35810 is divided by 249?
203
What is the remainder when 2270 is divided by 1129?
12
What is the remainder when 201186 is divided by 81?
63
Calculate the remainder when 99222 is divided by 1575.
1572
Calculate the remainder when 1447514 is divided by 14.
12
What is the remainder when 894 is divided by 272?
78
Calculate the remainder when 393919 is divided by 102.
97
Calculate the remainder when 7300 is divided by 235.
15
What is the remainder when 1787 is divided by 574?
65
Calculate the remainder when 2654 is divided by 1034.
586
Calculate the remainder when 3640300 is divided by 574.
566
Calculate the remainder when 84057 is divided by 71.
64
What is the remainder when 98247 is divided by 40?
7
Calculate the remainder when 1394 is divided by 148.
62
Calculate the remainder when 238733 is divided by 7460.
13
What is the remainder when 51906 is divided by 943?
41
What is the remainder when 11457 is divided by 546?
537
Calculate the remainder when 4929 is divided by 6.
3
What is the remainder when 2302 is divided by 201?
91
Calculate the remainder when 23104 is divided by 75.
4
Calculate the remainder when 6464 is divided by 1076.
8
Calculate the remainder when 3065 is divided by 391.
328
Calculate the remainder when 89217 is divided by 187.
18
Calculate the remainder when 41357 is divided by 5.
2
Calculate the remainder when 10811 is divided by 32.
27
Calculate the remainder when 20633 is divided by 20609.
24
Calculate the remainder when 34493 is divided by 38.
27
What is the remainder when 137753 is divided by 156?
5
What is the remainder when 3906 is divided by 554?
28
What is the remainder when 8568 is divided by 4253?
62
Calculate the remainder when 109655 is divided by 6.
5
What is the remainder when 1772 is divided by 73?
20
Calculate the remainder when 240971 is divided by 53.
33
What is the remainder when 1392 is divided by 663?
66
What is the remainder when 26786 is divided by 1071?
11
Calculate the remainder when 104180 is divided by 148.
136
What is the remainder when 77189 is divided by 953?
949
What is the remainder when 51550 is divided by 278?
120
What is the remainder when 20575 is divided by 404?
375
Calculate the remainder when 18027 is divided by 306.
279
Calculate the remainder when 146161 is divided by 9744.
1
Calculate the remainder when 6069 is divided by 1516.
5
What is the remainder when 631 is divided by 304?
23
Calculate the remainder when 28522 is divided by 53.
8
What is the remainder when 10526 is divided by 55?
21
Calculate the remainder when 469386 is divided by 630.
36
What is the remainder when 13313 is divided by 4391?
140
What is the remainder when 8859 is divided by 102?
87
Calculate the remainder when 155008 is divided by 138.
34
What is the remainder when 5783 is divided by 2875?
33
Calculate the remainder when 21540 is divided by 654.
612
What is the remainder when 106280 is divided by 35413?
41
Calculate the remainder when 88539 is divided by 20.
19
Calculate the remainder when 7200 is divided by 267.
258
What is the remainder when 9594 is divided by 1194?
42
What is the remainder when 157959 is divided by 66?
21
Calculate the remainder when 61423 is divided by 9.
7
What is the remainder when 57655 is divided by 11?
4
What is the remainder when 9730 is divided by 87?
73
Calculate the remainder when 60487 is divided by 7557.
31
Calculate the remainder when 43183 is divided by 1877.
12
Calculate the remainder when 15196 is divided by 12.
4
Calculate the remainder when 762 is divided by 370.
22
Calculate the remainder when 825767 is divided by 1168.
1159
Calculate the remainder when 26905 is divided by 37.
6
Calculate the remainder when 6532836 is divided by 9.
6
What is the remainder when 17351 is divided by 8672?
7
What is the remainder when 11658 is divided by 233?
8
Calculate the remainder when 29030 is divided by 5806.
0
What is the remainder when 520537 is divided by 5?
2
What is the remainder when 196415 is divided by 566?
13
Calculate the remainder when 782780 is divided by 161.
159
What is the remainder when 168070 is divided by 1303?
1286
What is the remainder when 6366 is divided by 14?
10
What is the remainder when 224784 is divided by 44953?
19
What is the remainder when 778280 is divided by 234?
230
Calculate the re